02 = -4*r. Suppose 3*t + 5*k - r = 0, 67 = 3*t + 2*k - 0*k. What are the prime factors of t?
3, 7
Let p be (1 - 2) + 15 + 1. Suppose -5*g = -2*z + p, 6 = -2*g - 0*g. List the prime factors of (-33)/(-3) + 0 + z.
11
Suppose 29 = 3*z - l - 89, -2*l = 8. List the prime factors of z.
2, 19
Let r(p) be the first derivative of p**4/4 - 2*p**3 + 5*p**2/2 + 3*p + 1. Let g be r(5). Suppose -g*l + 1 = d - 8, -8 = -d - 4*l. List the prime factors of d.
2, 3
Let f(b) be the third derivative of b**4/3 - b**3/3 + b**2. Suppose 111*s - 114*s = -6. List the prime factors of f(s).
2, 7
Suppose -3*z + 13 - 1 = 0. Suppose -z*x = x - 10. Suppose f - x*y = 12, 0*y + 34 = 3*f - 5*y. What are the prime factors of f?
2
Suppose 0 = -5*o - 42 + 2. What are the prime factors of ((-60)/o)/((-1)/(-2))?
3, 5
Suppose -3*y = -6*y - 4*x + 2, -4*y - 3*x + 5 = 0. List the prime factors of y.
2
Let w(p) = -3*p. Let h be w(2). Let g be h*(24/(-9))/4. Let v = g + 8. What are the prime factors of v?
2, 3
Let q be ((-14)/(-7))/((-1)/(-52)). Suppose 3*d - q = -5*i, 2*i - i - 18 = -2*d. List the prime factors of i.
2, 11
Suppose 0 = -2*p - v - 76, -4*p + 2*v = -2*p + 76. Let o = 53 + p. What are the prime factors of o?
3, 5
Suppose 0 = -5*k + 15, 0 = 5*s - 2*k + 6 - 0. Suppose s*m = 2*i - m - 6, i - 2*m = 0. Suppose -44 = -i*p + 4. List the prime factors of p.
2, 3
Suppose -1 = k + 3. Let m = 3 - k. What are the prime factors of m?
7
Let c = -8 + 0. Let y(w) = w + 11. Let g be y(c). Suppose -g*n + 60 = 2*n. List the prime factors of n.
2, 3
Let l(m) = -5*m + 2*m - 3*m. List the prime factors of l(-3).
2, 3
Let l(f) = -4*f**3 + f. Let q be l(-1). Let y = 17 - q. List the prime factors of y.
2, 7
Let p = -24 - -29. Suppose -p*o + 8*o - 18 = 0. List the prime factors of o.
2, 3
List the prime factors of -3 - 1/((-2)/88).
41
Let d(i) = -i**2 - 2*i. Let s be d(-1). Let n = s + 1. What are the prime factors of (1 - n)/(-1)*5?
5
List the prime factors of 24/(-6) + 7 + (-528)/(-2).
3, 89
Suppose -t = -7 - 3. Let u be (0 + 2)*15/t. Suppose -u*h + 2*w = -32, -2*h = 3*w - 17 - 0. List the prime factors of h.
2, 5
Suppose -l + 0 = -4. Suppose 0 = -l*j + 48 + 20. What are the prime factors of j?
17
Let w(n) be the first derivative of n**5/60 - n**4/3 - n**3/3 + 2. Let y(d) be the third derivative of w(d). List the prime factors of y(10).
2, 3
Let n(z) = 31*z - 11. List the prime factors of n(3).
2, 41
Let d be 2/(3 + (-14)/5). Let u = d - 7. List the prime factors of u/(3/11) - -3.
2, 7
Let q be (12/2)/((-24)/(-16)). Let a(m) = m + 3*m + 4*m - q - m**2. List the prime factors of a(3).
11
Suppose 5*n - 1460 = -0*n. List the prime factors of n.
2, 73
Suppose 2*b + 2 = 2*t - 2, -5*b = 4*t - 44. Suppose -2 - t = -4*x. Suppose x*o - 2 - 2 = 0. List the prime factors of o.
2
Let z(l) = -l + 2. Let m be z(2). Suppose m*v - 2*v = -10. Let s = 14 - v. List the prime factors of s.
3
Let h(f) = -f**3 + 4*f**2 + 5*f + 2. Let b be h(5). Suppose -3*p - 55 = b*p. Let q = -1 - p. List the prime factors of q.
2, 5
Suppose 36 = -3*o - 3*s, s + 27 = -o - 3*s. Let a = o - -12. Suppose -5*h = a*z - 60, 0 = 2*h + 2*z - z - 29. List the prime factors of h.
17
What are the prime factors of -2 - (-3*4 + -4)?
2, 7
Suppose -18*m + 35 = -13*m. What are the prime factors of m?
7
Let q = 6 + 2. Let t = q - 6. Let j = 13 - t. What are the prime factors of j?
11
Let x(n) = 3*n. Let a be x(4). Suppose -3*w = a, 0 = 2*s - s - 3*w - 42. Suppose 3*j = 3*c - s, j = -4*c - j + 22. What are the prime factors of c?
7
Let o(q) = q**3 - 7*q**2 + 8*q - 8. Suppose 9*a - 30 = 4*a. Let j be o(a). Suppose -5*v = -2*k - 20, 0 = v - k - k + j. What are the prime factors of v?
2, 3
Suppose -4*v + 2*t + 75 - 1439 = 0, t + 335 = -v. Let z be (-15)/((3/(-1))/(-3)). List the prime factors of v/z + (-6)/10.
2, 11
Let u = -6 + 153. What are the prime factors of u?
3, 7
Let j(x) = x**2 - 11*x + 9. Let v be j(9). Let c = v - -7. What are the prime factors of c/5 + 164/10?
2
Suppose -k + 5*h + 27 = 5, 2*k + 3*h = 5. What are the prime factors of k?
7
Let m(h) = 2*h**3 - 5*h**2 + h + 5. Let o(y) = y**3 - 3*y**2 + 3. Let j(w) = -3*m(w) + 7*o(w). List the prime factors of j(7).
2, 17
Let s(n) = -n**2 - 6*n + 5. Let r be s(-5). List the prime factors of (-4)/20 - (-92)/r.
3
Let z(r) = -r**3 + 5*r**2 - 3*r - 1. Let h be z(4). Suppose -l - h*o = 3*l - 47, -3*l = -5*o - 28. List the prime factors of l.
11
Let o be (-6)/9 - 68/(-3). Suppose y + 3 = 3*i + 18, -2*y + 4*i = -o. Let q(r) = r + 4. What are the prime factors of q(y)?
7
Let i(v) = v**3 - 3*v**2 - 3*v + 1. Let f be i(5). Suppose -g - w + 37 = 0, g - 4*w = -6*w + f. List the prime factors of g.
2, 19
Let m be (1/2)/(1/2). Suppose m - 25 = -2*q. List the prime factors of q.
2, 3
Let d(g) = 3*g - 5. Let y be (-1)/(-2 + 1) - 1. Let m(x) = x**3 + x**2 + x + 4. Let r be m(y). What are the prime factors of d(r)?
7
Let c = 2 - 2. Suppose 3*v - 5*l + 23 + 2 = c, l - 5 = 0. Suppose b - 4*q + 8 = 0, b - 3*q - 2*q + 12 = v. What are the prime factors of b?
2
List the prime factors of 17*2 - (4 + 0).
2, 3, 5
Suppose o - 84 = -9. List the prime factors of o.
3, 5
Suppose 2*d - i = 81, 16 + 9 = 5*i. List the prime factors of d.
43
What are the prime factors of (2 - 420 - (-3 - -3))/(-2)?
11, 19
Suppose 5*z = -5*u + 385, -3*z + z - 154 = -2*u. List the prime factors of u.
7, 11
List the prime factors of 138 - (4 - 24/3).
2, 71
Let t(z) = -z**2 + 6*z + 1. What are the prime factors of t(4)?
3
List the prime factors of -1 - -7*(3 - 0).
2, 5
Let r = -14 - -20. Suppose -3*d = -r*d + 21. List the prime factors of d.
7
Suppose 2*a - 3*h - 1 = 0, h = -2*a + 2 + 3. Suppose 4*w - 53 = 5*x, x + a*x = -3. List the prime factors of w/8*44/6.
11
Let a(y) = y**3 + 2*y**2 - y + 4. Let n be a(-3). What are the prime factors of 32/(-5)*5/n?
2
Let c = -113 + 298. Suppose 2*b - l - 88 = 3*l, -c = -5*b + 3*l. What are the prime factors of b?
2, 17
Suppose -w + 0*w - 122 = -4*v, -v + 40 = -5*w. List the prime factors of v.
2, 3, 5
Suppose 2*k + 40 = 5*v - 3*k, 16 = 5*v + 3*k. Suppose v*t - 36 = 89. What are the prime factors of t?
5
Let y be (-1)/1 + 10/(-5). Let b = 11 - y. What are the prime factors of b?
2, 7
Suppose -19*q + 18*q + 3 = 0. Suppose 0 = -q*j + 8 + 76. What are the prime factors of j?
2, 7
Suppose 0*i - 72 = 3*i. Suppose -4*z - 56 = 4*a, -52 = 5*z - 0*a - a. Let w = z - i. List the prime factors of w.
13
Let o(u) = u**3 - 4*u**2 + 3*u - 6. Let x be o(4). Suppose 3*g - x*g + 60 = 0. What are the prime factors of 8/g - (-26)/10?
3
Suppose 3*m = 155 - 50. List the prime factors of m.
5, 7
Let y(t) = t**3 - 7*t**2 + 9*t - 3. What are the prime factors of y(6)?
3, 5
Suppose 1 + 4 = 5*s. Suppose 10 = y + s. List the prime factors of y.
3
List the prime factors of (-3)/((3 - 2)*3/(-239)).
239
Let d(j) be the second derivative of j**5/20 - j**4/2 + j**3/3 - j**2 - 2*j. Let w be d(6). Let s = w - 7. What are the prime factors of s?
3
Let h = 24 - -22. What are the prime factors of h?
2, 23
Suppose 8*x = 3*x + 555. Suppose x - 11 = 5*c. List the prime factors of c.
2, 5
Suppose -d + 4*i = d - 38, -2*i + 23 = d. Let x = d - 13. List the prime factors of x.
2
Let q(s) = -s**3 - 7*s**2 - 4. Let x(z) = z**2. Let u(f) = q(f) + 4*x(f). List the prime factors of u(-4).
2, 3
Let j = 8 + -14. List the prime factors of (0 + 3)/(j/(-8)).
2
Suppose -2*n = 2*n + 28. Let v = -2 - n. Suppose -80 = a - v*a. List the prime factors of a.
2, 5
Let d be 7/7*(5 + 1). Let w(y) = -y**3 + 7*y**2 - y - 7. Let m be w(d). Suppose -4*j - m = 4*k - 55, 4*k - 11 = -j. What are the prime factors of j?
7
Let j be 1*138 - (-2 - -2). Suppose -4*x - 8 = 0, -8 = 5*i + 5*x - j. List the prime factors of i.
2, 7
Let g(p) = -p - 1. Let s be g(-4). Suppose 5*o + 30 = u - 0, -s*o = 12. Suppose 4*f = 0, 5*i - u = 3*f - 0*f. List the prime factors of i.
2
Suppose -124 = -3*n - n. Suppose 0 = -5*t + 4*p + 15, 2*t - n = -2*p - 7. What are the prime factors of t?
7
Let l be 12 - 1*(-1 - -3). Let y = -3 + l. What are the prime factors of y?
7
Suppose 0 = -h + 2*z + 9, -2*z + 8 = -0*z. Suppose -o + h = -0*o. List the prime factors of o.
17
Suppose 0 = -6*y + 2*y. Suppose 0 = 5*k - 5 - y. What are the prime factors of -4 + 2 + (7 - k)?
2
Let p = -48 - -28. Let a = -13 - p. Let 